!C99Shell v. 2.0 [PHP 7 Update] [25.02.2019]!

Software: nginx/1.23.4. PHP/5.6.40-65+ubuntu20.04.1+deb.sury.org+1 

uname -a: Linux foro-restaurado-2 5.15.0-1040-oracle #46-Ubuntu SMP Fri Jul 14 21:47:21 UTC 2023
aarch64
 

uid=33(www-data) gid=33(www-data) groups=33(www-data) 

Safe-mode: OFF (not secure)

/var/log/nginx/   drwxr-xr-x
Free 83.09 GB of 96.73 GB (85.9%)
Home    Back    Forward    UPDIR    Refresh    Search    Buffer    Encoder    Tools    Proc.    FTP brute    Sec.    SQL    PHP-code    Update    Feedback    Self remove    Logout    


Viewing file:     normal_access.log (73.22 KB)      -rw-r-----
Select action/file-type:
(+) | (+) | (+) | Code (+) | Session (+) | (+) | SDB (+) | (+) | (+) | (+) | (+) | (+) |
173.212.230.90 - - [11/Jul/2025:00:05:22 +0000] "GET /phpintegracion/example_phpbb.php?a={\x22usuario\x22:\x22Mariluzgh\x22,\x22password\x22:\x22estepona-2000\x22} HTTP/1.1" 200 99 "-" "-"
43.130.139.136 - - [11/Jul/2025:00:09:54 +0000] "GET / HTTP/1.1" 200 4473 "-" "Mozilla/5.0 (iPhone; CPU iPhone OS 13_2_3 like Mac OS X) AppleWebKit/605.1.15 (KHTML, like Gecko) Version/13.0.3 Mobile/15E148 Safari/604.1"
173.212.230.90 - - [11/Jul/2025:00:13:37 +0000] "GET /phpintegracion/example_phpbb.php?a={\x22usuario\x22:\x22Magonro%20\x22,\x22password\x22:\x22lugarte\x22} HTTP/1.1" 200 98 "-" "-"
173.212.230.90 - - [11/Jul/2025:00:19:49 +0000] "GET /phpintegracion/example_phpbb.php?a={\x22usuario\x22:\x22olgagonzalezgonz\x22,\x22password\x22:\x22R18p16j10@\x22} HTTP/1.1" 200 106 "-" "-"
194.50.16.252 - - [11/Jul/2025:00:25:53 +0000] "GET /env HTTP/1.1" 404 187 "-" "Mozilla/5.0 (Kubuntu; Linux x86_64) AppleWebKit/537.36 (KHTML, like Gecko) Chrome/128.0.0.0 Safari/537.36"
194.50.16.252 - - [11/Jul/2025:00:25:54 +0000] "GET /actuator/env HTTP/1.1" 404 187 "-" "Mozilla/5.0 (Debian; Linux x86_64) AppleWebKit/537.36 (KHTML, like Gecko) Chrome/127.0.0.0 Safari/537.36"
194.50.16.252 - - [11/Jul/2025:00:25:55 +0000] "GET /config/actuator/env HTTP/1.1" 404 125 "-" "Mozilla/5.0 (Macintosh; Intel Mac OS X 10_15_7) AppleWebKit/605.1.15 (KHTML, like Gecko) Version/17.4.1 Safari/605.7.20"
194.50.16.252 - - [11/Jul/2025:00:25:55 +0000] "GET /config/env HTTP/1.1" 404 125 "-" "Mozilla/5.0 (Macintosh; Intel Mac OS X 10_15_7) AppleWebKit/605.1.15 (KHTML, like Gecko) Version/17.2.1 Safari/605.4.19"
194.50.16.252 - - [11/Jul/2025:00:25:56 +0000] "GET /gateway/env HTTP/1.1" 404 125 "-" "Mozilla/5.0 (Kubuntu; Linux i686; rv:125.0) Gecko/20100101 Firefox/125.0"
194.50.16.252 - - [11/Jul/2025:00:25:57 +0000] "GET /gateway/actuator/env HTTP/1.1" 404 125 "-" "Mozilla/5.0 (Macintosh; Intel Mac OS X 10_15_7) AppleWebKit/605.1.15 (KHTML, like Gecko) Version/17.1.2 Mobile/15E148 Safari/604.1"
194.50.16.252 - - [11/Jul/2025:00:25:59 +0000] "GET /admin/env HTTP/1.1" 404 187 "-" "Mozilla/5.0 (SS; Linux x86_64) AppleWebKit/537.36 (KHTML, like Gecko) Chrome/118.0.0.0 Safari/537.36"
194.50.16.252 - - [11/Jul/2025:00:26:00 +0000] "GET /admin/actuator/env HTTP/1.1" 404 187 "-" "Mozilla/5.0 (Ubuntu; Linux i686) AppleWebKit/537.36 (KHTML, like Gecko) Chrome/129.0.0.0 Safari/537.36"
194.50.16.252 - - [11/Jul/2025:00:26:00 +0000] "GET /api/actuator/env HTTP/1.1" 404 125 "-" "Mozilla/5.0 (Debian; Linux i686; rv:122.0) Gecko/20100101 Firefox/122.0"
194.50.16.252 - - [11/Jul/2025:00:26:01 +0000] "GET /api/env HTTP/1.1" 404 125 "-" "Mozilla/5.0 (Macintosh; Intel Mac OS X 10_15_7) AppleWebKit/605.1.15 (KHTML, like Gecko) Teak/4.3.1 Version/17.4.1 Safari/605.1.15"
194.50.16.252 - - [11/Jul/2025:00:26:01 +0000] "GET /env; HTTP/1.1" 404 187 "-" "Mozilla/5.0 (X11; Linux x86_64) AppleWebKit/537.36 (KHTML, like Gecko) Chrome/123.0.0.0 Safari/537.36"
194.50.16.252 - - [11/Jul/2025:00:26:02 +0000] "GET /actuator/;env HTTP/1.1" 404 125 "-" "Mozilla/5.0 (Macintosh; Intel Mac OS X 11_2_3) AppleWebKit/605.1.15 (KHTML, like Gecko) Version/17 Safari/605.1.15"
194.50.16.252 - - [11/Jul/2025:00:26:02 +0000] "GET /config;/actuator;/env HTTP/1.1" 404 187 "-" "Mozilla/5.0 (Windows NT 10.0; Win64; x64) AppleWebKit/537.36 (KHTML, like Gecko) Chrome/100.0.4896.127 Safari/537.36"
194.50.16.252 - - [11/Jul/2025:00:26:03 +0000] "GET /config;/env HTTP/1.1" 404 125 "-" "Mozilla/5.0 (Macintosh; Intel Mac OS X 10.15; rv:121.0) Gecko/20100101 Firefox/121.0"
194.50.16.252 - - [11/Jul/2025:00:26:03 +0000] "GET /gateway;/env HTTP/1.1" 404 125 "-" "Mozilla/5.0 (ZZ; Linux x86_64; rv:120.0) Gecko/20100101 Firefox/120.0"
194.50.16.252 - - [11/Jul/2025:00:26:04 +0000] "GET /gateway;/actuator/env HTTP/1.1" 404 187 "-" "Mozilla/5.0 (Windows NT 10.0; Win64; x64) AppleWebKit/537.36 (KHTML, like Gecko) Chrome/70.0.3538.102 Safari/537.36 Edge/18.18363"
194.50.16.252 - - [11/Jul/2025:00:26:04 +0000] "GET /admin;/env HTTP/1.1" 404 125 "-" "Mozilla/5.0 (Macintosh; Intel Mac OS X 10_15_7) AppleWebKit/605.1.15 (KHTML, like Gecko) Version/17.4.1 Safari/605.1.21"
194.50.16.252 - - [11/Jul/2025:00:26:05 +0000] "GET /admin;/actuator/env HTTP/1.1" 404 187 "-" "Mozilla/5.0 (Kubuntu; Linux x86_64) AppleWebKit/537.36 (KHTML, like Gecko) Chrome/120.0.0.0 Safari/537.36"
194.50.16.252 - - [11/Jul/2025:00:26:06 +0000] "GET /api;/actuator/env HTTP/1.1" 404 187 "-" "Mozilla/5.0 (X11; Linux x86_64) AppleWebKit/537.36 (KHTML, like Gecko) Chrome/117.0.0.0 Safari/537.36"
194.50.16.252 - - [11/Jul/2025:00:26:06 +0000] "GET /api;/env HTTP/1.1" 404 187 "-" "Mozilla/5.0 (ZZ; Linux i686) AppleWebKit/537.36 (KHTML, like Gecko) Chrome/122.0.0.0 Safari/537.36"
194.50.16.252 - - [11/Jul/2025:00:26:07 +0000] "GET /en%76 HTTP/1.1" 404 125 "-" "Mozilla/5.0 (Macintosh; Intel Mac OS X 10_15_7) AppleWebKit/605.1.15 (KHTML, like Gecko) Version/17.2.1 Safari/605.1.14"
194.50.16.252 - - [11/Jul/2025:00:26:08 +0000] "GET /actuator/;en%76 HTTP/1.1" 404 187 "-" "Mozilla/5.0 (CentOS; Linux x86_64) AppleWebKit/537.36 (KHTML, like Gecko) Chrome/124.0.0.0 Safari/537.36"
194.50.16.252 - - [11/Jul/2025:00:26:08 +0000] "GET /config;/actuator;/en%76 HTTP/1.1" 404 125 "-" "Mozilla/5.0 (Windows; U; Windows NT 6.0; en-US; rv:1.9.1.2) Gecko/20090729 Firefox/3.5.2 (.NET CLR 3.5.30729)"
194.50.16.252 - - [11/Jul/2025:00:26:10 +0000] "GET /config;/en%76 HTTP/1.1" 404 125 "-" "Mozilla/5.0 (Macintosh; Intel Mac OS X 10_15_7) AppleWebKit/605.1.15 (KHTML, like Gecko) Version/17.4.1 Safari/605.7.23"
194.50.16.252 - - [11/Jul/2025:00:26:10 +0000] "GET /gateway;/en%76 HTTP/1.1" 404 125 "-" "Mozilla/5.0 (Macintosh; Intel Mac OS X 13.0) AppleWebKit/617.28 (KHTML, like Gecko) Version/17.0 Safari/617.28"
194.50.16.252 - - [11/Jul/2025:00:26:11 +0000] "GET /gateway;/actuator/en%76 HTTP/1.1" 404 125 "-" "Mozilla/5.0 (Windows NT 6.1; Win64; x64; rv:83.0) Gecko/20100101 Firefox/83.0"
194.50.16.252 - - [11/Jul/2025:00:26:12 +0000] "GET /admin;/en%76 HTTP/1.1" 404 187 "-" "Mozilla/5.0 (SS; Linux i686) AppleWebKit/537.36 (KHTML, like Gecko) Chrome/118.0.0.0 Safari/537.36"
194.50.16.252 - - [11/Jul/2025:00:26:13 +0000] "GET /admin;/actuator/en%76 HTTP/1.1" 404 187 "-" "Mozilla/5.0 (Windows NT 10.0; Win64; x64) AppleWebKit/537.36 (KHTML, like Gecko) Chrome/90.0.4430.212 Safari/537.36"
194.50.16.252 - - [11/Jul/2025:00:26:13 +0000] "GET /api;/actuator/en%76 HTTP/1.1" 404 187 "-" "Mozilla/5.0 (Ubuntu; Linux x86_64) AppleWebKit/537.36 (KHTML, like Gecko) Chrome/123.0.0.0 Safari/537.36"
194.50.16.252 - - [11/Jul/2025:00:26:14 +0000] "GET /api;/en%76 HTTP/1.1" 404 125 "-" "Mozilla/5.0 (Fedora; Linux x86_64; rv:126.0) Gecko/20100101 Firefox/126.0"
185.218.84.46 - - [11/Jul/2025:00:29:41 +0000] "GET / HTTP/1.1" 200 4473 "-" "Mozilla/5.0 (Windows NT 10.0; Win64; x64) AppleWebKit/537.36 (KHTML, like Gecko) Chrome/90.0.4430.85 Safari/537.36 Edg/90.0.818.46"
120.55.67.132 - - [11/Jul/2025:00:39:48 +0000] "GET /version HTTP/1.1" 404 153 "-" "Mozilla/5.0 (iPhone; CPU iPhone OS 17_5_1 like Mac OS X) AppleWebKit/605.1.15 (KHTML, like Gecko) Version/17.4.1 Mobile/15E148 Safari/604.1"
185.242.226.152 - - [11/Jul/2025:01:11:09 +0000] "GET / HTTP/1.1" 200 4473 "-" "Mozilla/5.0 (Windows NT 10.0; Win64; x64) AppleWebKit/537.36 (KHTML, like Gecko) Chrome/88.0.4324.190 Safari/537.36"
185.242.226.152 - - [11/Jul/2025:01:13:16 +0000] "GET /web/20150801010352im_/http://apartamentoscamparina.com/templates/untitled5/favicon.ico HTTP/1.1" 404 125 "-" "Python/3.7 aiohttp/3.8.1"
173.212.230.90 - - [11/Jul/2025:01:19:35 +0000] "GET /phpintegracion/example_phpbb.php?a={\x22usuario\x22:\x22fisna-mona\x22,\x22password\x22:\x22fyfyfyfy\x22} HTTP/1.1" 200 100 "-" "-"
173.212.230.90 - - [11/Jul/2025:01:34:22 +0000] "GET /phpintegracion/example_phpbb.php?a={\x22usuario\x22:\x22onandia1\x22,\x22password\x22:\x22\x22} HTTP/1.1" 200 72 "-" "-"
173.212.230.90 - - [11/Jul/2025:01:35:35 +0000] "GET /phpintegracion/example_phpbb.php?a={\x22usuario\x22:\x22onandia1\x22,\x22password\x22:\x2202657116\x22} HTTP/1.1" 200 98 "-" "-"
213.219.38.113 - - [11/Jul/2025:01:38:26 +0000] "GET / HTTP/1.1" 200 12384 "-" "Mozilla/5.0 (Linux; Android 12; SM-G600FY; Build/SD2A.190205.118) AppleWebKit/537.36 (KHTML"
213.219.38.113 - - [11/Jul/2025:01:38:27 +0000] "GET /web/20150801010352im_/http://apartamentoscamparina.com/templates/untitled5/favicon.ico HTTP/1.1" 404 153 "-" "Mozilla/5.0 (Linux; Android 12; SM-G600FY; Build/SD2A.190205.118) AppleWebKit/537.36 (KHTML"
213.219.38.113 - - [11/Jul/2025:01:38:27 +0000] "GET /favicon.ico HTTP/1.1" 404 153 "-" "Mozilla/5.0 (Linux; Android 12; SM-G600FY; Build/SD2A.190205.118) AppleWebKit/537.36 (KHTML"
173.212.230.90 - - [11/Jul/2025:01:38:27 +0000] "GET /phpintegracion/example_phpbb.php?a={\x22usuario\x22:\x22Ruvel%20\x22,\x22password\x22:\x223725282\x22} HTTP/1.1" 200 96 "-" "-"
213.219.38.113 - - [11/Jul/2025:01:38:36 +0000] "GET / HTTP/1.1" 200 12384 "-" "-"
193.242.212.9 - - [11/Jul/2025:01:44:38 +0000] "GET / HTTP/1.1" 200 12384 "-" "Mozilla/5.0 (Windows NT 10.0; WOW64) AppleWebKit/537.36 (KHTML, like Gecko) Chrome/52.0.2743.116 Safari/537.36"
185.218.84.46 - - [11/Jul/2025:01:49:01 +0000] "GET / HTTP/1.1" 200 4473 "-" "Mozilla/5.0 (Windows NT 10.0; Win64; x64) AppleWebKit/537.36 (KHTML, like Gecko) Chrome/90.0.4430.85 Safari/537.36 Edg/90.0.818.46"
104.152.52.162 - - [11/Jul/2025:02:06:34 +0000] "GET / HTTP/1.1" 200 12384 "-" "curl/7.61.1"
104.152.52.162 - - [11/Jul/2025:02:06:34 +0000] "GET /favicon.ico HTTP/1.1" 404 153 "-" "curl/7.61.1"
173.212.230.90 - - [11/Jul/2025:02:13:55 +0000] "GET /phpintegracion/example_phpbb.php?a={\x22usuario\x22:\x22muejoyas\x22,\x22password\x22:\x22alcaucil\x22} HTTP/1.1" 200 72 "-" "-"
173.212.230.90 - - [11/Jul/2025:02:14:23 +0000] "GET /phpintegracion/example_phpbb.php?a={\x22usuario\x22:\x22muehoyas\x22,\x22password\x22:\x22alcaucil\x22} HTTP/1.1" 200 98 "-" "-"
45.194.66.7 - - [11/Jul/2025:02:27:57 +0000] "GET / HTTP/1.1" 200 4473 "-" "Mozilla/5.0 (Windows NT 10.0; Win64; x64) AppleWebKit/537.36 (KHTML, like Gecko) Chrome/90.0.4430.85 Safari/537.36 Edg/90.0.818.46"
185.218.84.46 - - [11/Jul/2025:03:01:23 +0000] "GET / HTTP/1.1" 200 4473 "-" "Mozilla/5.0 (Windows NT 10.0; Win64; x64) AppleWebKit/537.36 (KHTML, like Gecko) Chrome/90.0.4430.85 Safari/537.36 Edg/90.0.818.46"
79.124.58.198 - - [11/Jul/2025:03:16:35 +0000] "GET /actuator/gateway/routes HTTP/1.1" 404 187 "-" "Mozilla/5.0 (Windows NT 10.0; Win64; x64) AppleWebKit/537.36 (KHTML, like Gecko) Chrome/78.0.3904.108 Safari/537.36"
147.182.154.58 - - [11/Jul/2025:03:31:46 +0000] "GET /aaa9 HTTP/1.1" 404 125 "-" "Mozilla/5.0 zgrab/0.x"
147.182.154.58 - - [11/Jul/2025:03:31:54 +0000] "GET /aab8 HTTP/1.1" 404 125 "-" "Mozilla/5.0 zgrab/0.x"
147.182.154.58 - - [11/Jul/2025:03:32:01 +0000] "GET / HTTP/1.1" 200 4473 "-" "Mozilla/5.0 zgrab/0.x"
173.212.230.90 - - [11/Jul/2025:03:59:15 +0000] "GET /phpintegracion/example_phpbb.php?a={\x22usuario\x22:\x22cristobalferna\x22,\x22password\x22:\x22pamplona\x22} HTTP/1.1" 200 104 "-" "-"
173.212.230.90 - - [11/Jul/2025:03:59:20 +0000] "GET /phpintegracion/example_phpbb.php?a={\x22usuario\x22:\x22tenedero\x22,\x22password\x22:\x22vigovigo\x22} HTTP/1.1" 200 98 "-" "-"
173.212.230.90 - - [11/Jul/2025:04:01:24 +0000] "GET /phpintegracion/example_phpbb.php?a={\x22usuario\x22:\x22nosecomo\x22,\x22password\x22:\x2211541154\x22} HTTP/1.1" 200 98 "-" "-"
185.218.84.46 - - [11/Jul/2025:04:21:17 +0000] "GET / HTTP/1.1" 200 4473 "-" "Mozilla/5.0 (Windows NT 10.0; Win64; x64) AppleWebKit/537.36 (KHTML, like Gecko) Chrome/90.0.4430.85 Safari/537.36 Edg/90.0.818.46"
43.159.149.216 - - [11/Jul/2025:04:24:31 +0000] "GET / HTTP/1.1" 200 4473 "-" "Mozilla/5.0 (iPhone; CPU iPhone OS 13_2_3 like Mac OS X) AppleWebKit/605.1.15 (KHTML, like Gecko) Version/13.0.3 Mobile/15E148 Safari/604.1"
173.212.230.90 - - [11/Jul/2025:04:27:05 +0000] "GET /phpintegracion/example_phpbb.php?a={\x22usuario\x22:\x22luispeah\x22,\x22password\x22:\x22sandra\x22} HTTP/1.1" 200 98 "-" "-"
68.69.186.242 - - [11/Jul/2025:04:28:54 +0000] "GET / HTTP/1.1" 200 12384 "-" "-"
173.212.230.90 - - [11/Jul/2025:04:32:11 +0000] "GET /phpintegracion/example_phpbb.php?a={\x22usuario\x22:\x22Joanal\x22,\x22password\x22:\x22txoritxu\x22} HTTP/1.1" 200 96 "-" "-"
173.212.230.90 - - [11/Jul/2025:04:39:08 +0000] "GET /phpintegracion/example_phpbb.php?a={\x22usuario\x22:\x22cfrinog\x22,\x22password\x22:\x22endocrino\x22} HTTP/1.1" 200 97 "-" "-"
198.235.24.9 - - [11/Jul/2025:04:44:27 +0000] "GET / HTTP/1.1" 200 4473 "-" "Expanse, a Palo Alto Networks company, searches across the global IPv4 space multiple times per day to identify customers' presences on the Internet. If you would like to be excluded from our scans, please send IP addresses/domains to: [email protected]"
162.216.149.162 - - [11/Jul/2025:04:49:23 +0000] "GET / HTTP/1.1" 200 4473 "-" "Expanse, a Palo Alto Networks company, searches across the global IPv4 space multiple times per day to identify customers' presences on the Internet. If you would like to be excluded from our scans, please send IP addresses/domains to: [email protected]"
173.212.230.90 - - [11/Jul/2025:04:51:01 +0000] "GET /phpintegracion/example_phpbb.php?a={\x22usuario\x22:\x22Demurrage\x22,\x22password\x22:\x22bytheface\x22} HTTP/1.1" 200 99 "-" "-"
173.212.230.90 - - [11/Jul/2025:04:53:49 +0000] "GET /phpintegracion/example_phpbb.php?a={\x22usuario\x22:\x22estanbien\x22,\x22password\x22:\x22camino22\x22} HTTP/1.1" 200 99 "-" "-"
173.212.230.90 - - [11/Jul/2025:05:03:20 +0000] "GET /phpintegracion/example_phpbb.php?a={\x22usuario\x22:\x22CocoBcn\x22,\x22password\x22:\x22AMS6823B\x22} HTTP/1.1" 200 97 "-" "-"
173.212.230.90 - - [11/Jul/2025:05:04:40 +0000] "GET /phpintegracion/example_phpbb.php?a={\x22usuario\x22:\x22CocoBcn\x22,\x22password\x22:\x22AMS6823B\x22} HTTP/1.1" 200 97 "-" "-"
173.212.230.90 - - [11/Jul/2025:05:09:43 +0000] "GET /phpintegracion/example_phpbb.php?a={\x22usuario\x22:\x22hipocampo\x22,\x22password\x22:\x22xeracoplaya\x22} HTTP/1.1" 200 100 "-" "-"
173.212.230.90 - - [11/Jul/2025:05:21:48 +0000] "GET /phpintegracion/example_phpbb.php?a={\x22usuario\x22:\x22iniestalopez\x22,\x22password\x22:\x22123456\x22} HTTP/1.1" 200 102 "-" "-"
173.212.230.90 - - [11/Jul/2025:05:24:11 +0000] "GET /phpintegracion/example_phpbb.php?a={\x22usuario\x22:\x22afafayzora\x22,\x22password\x22:\x22123afafa\x22} HTTP/1.1" 200 100 "-" "-"
65.49.1.202 - - [11/Jul/2025:05:33:11 +0000] "GET / HTTP/1.1" 200 4473 "-" "Mozilla/5.0 (X11; Linux x86_64; rv:109.0) Gecko/20100101 Firefox/115.0"
65.49.1.202 - - [11/Jul/2025:05:35:09 +0000] "GET /webui/ HTTP/1.1" 404 125 "-" "Mozilla/5.0 (Windows NT 10.0; rv:102.0) Gecko/20100101 Firefox/102.0"
173.212.230.90 - - [11/Jul/2025:05:35:14 +0000] "GET /phpintegracion/example_phpbb.php?a={\x22usuario\x22:\x2202518677Q\x22,\x22password\x22:\x22cardamomo\x22} HTTP/1.1" 200 99 "-" "-"
173.212.230.90 - - [11/Jul/2025:05:35:55 +0000] "GET /phpintegracion/example_phpbb.php?a={\x22usuario\x22:\x22Luseijas\x22,\x22password\x22:\x22racla0295\x22} HTTP/1.1" 200 98 "-" "-"
65.49.1.208 - - [11/Jul/2025:05:37:01 +0000] "GET /favicon.ico HTTP/1.1" 404 187 "-" "Mozilla/5.0 (Windows NT 10.0; Win64; x64) AppleWebKit/537.36 (KHTML, like Gecko) Chrome/122.0.0.0 Safari/537.36"
65.49.1.202 - - [11/Jul/2025:05:37:42 +0000] "GET /geoserver/web/ HTTP/1.1" 404 125 "-" "Mozilla/5.0 (X11; Linux x86_64; rv:109.0) Gecko/20100101 Firefox/115.0"
173.212.230.90 - - [11/Jul/2025:05:39:27 +0000] "GET /phpintegracion/example_phpbb.php?a={\x22usuario\x22:\x22cadeneta\x22,\x22password\x22:\x22candela007\x22} HTTP/1.1" 200 99 "-" "-"
173.212.230.90 - - [11/Jul/2025:05:42:51 +0000] "GET /phpintegracion/example_phpbb.php?a={\x22usuario\x22:\x22jamt62\x22,\x22password\x22:\x22nitita\x22} HTTP/1.1" 200 96 "-" "-"
78.153.140.151 - - [11/Jul/2025:05:43:31 +0000] "GET /.env HTTP/1.1" 404 555 "-" "Mozilla/5.0 (Windows NT 6.3; Win64; x64) AppleWebKit/537.36 (KHTML, like Gecko) Chrome/56.0.2924.87 Safari/537.36"
78.153.140.151 - - [11/Jul/2025:05:43:32 +0000] "GET /web/.env\x5Cx1a HTTP/1.1" 404 153 "-" "Mozilla/5.0 (iPhone; CPU iPhone OS 9_0_2 like Mac OS X) AppleWebKit/601.1.46 (KHTML, like Gecko) Version/9.0 Mobile/13A452 Safari/601.1"
78.153.140.151 - - [11/Jul/2025:05:43:32 +0000] "GET /support/.env HTTP/1.1" 404 153 "-" "Mozilla/5.0 (Macintosh; U; PPC Mac OS X; fr-fr) AppleWebKit/85.8.5 (KHTML, like Gecko) Safari/85.8.1"
78.153.140.151 - - [11/Jul/2025:05:43:32 +0000] "GET /web/.env.dev HTTP/1.1" 404 153 "-" "Mozilla/5.0 (Windows NT 5.2; rv:2.0b13pre) Gecko/20110304 Firefox/4.0b13pre"
78.153.140.151 - - [11/Jul/2025:05:43:32 +0000] "GET /web/.env.bak HTTP/1.1" 404 555 "-" "Mozilla/5.0 (Windows; U; Windows NT 6.0; en-US) AppleWebKit/530.5 (KHTML, like Gecko) Chrome/2.0.172.23 Safari/530.5"
78.153.140.151 - - [11/Jul/2025:05:43:33 +0000] "GET /settings.env HTTP/1.1" 404 555 "-" "Mozilla/5.0 (Windows; U; Windows NT 5.1; en-US) AppleWebKit/530.5 (KHTML, like Gecko) Chrome/2.0.172.40 Safari/530.5"
78.153.140.151 - - [11/Jul/2025:05:43:33 +0000] "GET /stg/.env.dev HTTP/1.1" 404 555 "-" "Mozilla/5.0 (Windows NT 6.2) AppleWebKit/537.36 (KHTML, like Gecko) Chrome/39.0.2171.99 Safari/537.36"
78.153.140.151 - - [11/Jul/2025:05:43:34 +0000] "GET /stg/.env.bak HTTP/1.1" 404 153 "-" "Mozilla/5.0 (Linux; U; Android 4.1.2; en-au; GT-I9100 Build/JZO54K) AppleWebKit/534.30 (KHTML, like Gecko) Version/4.0 Mobile Safari/534.30"
78.153.140.151 - - [11/Jul/2025:05:43:34 +0000] "GET /panel/.env.1 HTTP/1.1" 404 153 "-" "Mozilla/5.0 (Windows; U; Windows NT 5.1; en-GB; rv:1.9.1.4) Gecko/20091016 Firefox/3.5.4 ( .NET CLR 3.5.30729; .NET4.0E)"
78.153.140.151 - - [11/Jul/2025:05:43:34 +0000] "GET /panel/.env.2 HTTP/1.1" 404 555 "-" "Mozilla/4.0 (compatible; MSIE 5.5; Windows NT 5.1; SV1; .NET CLR 1.1.4322; .NET CLR 2.0.50727; .NET CLR 3.0.4506.2152; .NET CLR 3.5.30729)"
78.153.140.151 - - [11/Jul/2025:05:43:34 +0000] "GET /shopify/.env HTTP/1.1" 404 153 "-" "Mozilla/5.0 (Macintosh; U; PPC Mac OS X Mach-O; en-US; rv:1.8.1b1) Gecko/20061110 Firefox/2.0b3"
78.153.140.151 - - [11/Jul/2025:05:43:34 +0000] "GET /yii/env.json HTTP/1.1" 404 555 "-" "Mozilla/4.0 (compatible; MSIE 6.0; Windows NT 5.1; SV1; .NET CLR 2.0.50727)"
78.153.140.151 - - [11/Jul/2025:05:43:34 +0000] "GET /yii/env.yaml HTTP/1.1" 404 153 "-" "Mozilla/5.0 (Windows NT 6.1; Trident/7.0; SLCC2; .NET CLR 2.0.50727; .NET CLR 3.5.30729; .NET CLR 3.0.30729; Media Center PC 6.0; InfoPath.2; .NET4.0C; rv:11.0) like Gecko"
78.153.140.151 - - [11/Jul/2025:05:43:35 +0000] "GET /preview/.env HTTP/1.1" 404 153 "-" "Mozilla/5.0 (Linux; U; Android 4.2.2; en-us; SAMSUNG-SM-G730A Build/JDQ39) AppleWebKit/534.30 (KHTML, like Gecko) Version/4.0 Mobile Safari/534.30"
78.153.140.151 - - [11/Jul/2025:05:43:35 +0000] "GET /printenv.tmp HTTP/1.1" 404 153 "-" "Opera/7.23 (Windows NT 5.0; U)  [en]"
78.153.140.151 - - [11/Jul/2025:05:43:35 +0000] "GET /product/.env HTTP/1.1" 404 555 "-" "Mozilla/4.0 (compatible; MSIE 8.0; Windows NT 6.1; Trident/4.0; SLCC2; .NET CLR 2.0.50727; .NET CLR 3.5.30729; .NET CLR 3.0.30729; Media Center PC 6.0; InfoPath.2; .NET4.0C; .NET4.0E; Tablet PC 2.0)"
78.153.140.151 - - [11/Jul/2025:05:43:36 +0000] "GET /upload/.env~ HTTP/1.1" 404 555 "-" "Mozilla/4.0 (compatible; MSIE 8.0; Windows NT 5.1; Trident/4.0; .NET CLR 2.0.50727; .NET CLR 3.0.4506.2152; .NET CLR 3.5.30729; .NET4.0C; .NET4.0E; .NET CLR 1.1.4322)"
78.153.140.151 - - [11/Jul/2025:05:43:36 +0000] "GET /projeto/.env HTTP/1.1" 404 555 "-" "Mozilla/5.0 (Linux; Android 4.4.2; en-ca; SAMSUNG SM-T230NU Build/KOT49H) AppleWebKit/537.36 (KHTML, like Gecko) Version/1.5 Chrome/28.0.1500.94 Safari/537.36"
78.153.140.151 - - [11/Jul/2025:05:43:36 +0000] "GET /src/.env.bak HTTP/1.1" 404 153 "-" "Mozilla/4.0 (compatible; MSIE 5.0; Linux 2.4.4-4GB i686) Opera 5.0  [en]"
78.153.140.151 - - [11/Jul/2025:05:43:36 +0000] "GET /qa/.env.dist HTTP/1.1" 404 555 "-" "Mozilla/5.0 (compatible; MSIE 10.0; Windows NT 6.1; Trident/6.0)"
78.153.140.151 - - [11/Jul/2025:05:43:36 +0000] "GET /src/.env.dev HTTP/1.1" 404 153 "-" "Opera/9.80 (Windows NT 6.1; WOW64; U; fr) Presto/2.10.289 Version/12.02"
78.153.140.151 - - [11/Jul/2025:05:43:36 +0000] "GET /uat/env.json HTTP/1.1" 404 153 "-" "Mozilla/5.0 (Linux; U; Android 4.0.4; en-ca; GT-S7560M-parrot Build/IMM76I) AppleWebKit/534.30 (KHTML, like Gecko) Version/4.0 Mobile Safari/534.30"
78.153.140.151 - - [11/Jul/2025:05:43:37 +0000] "GET /reactjs/.env HTTP/1.1" 404 555 "-" "Mozilla/4.0 (compatible; MSIE 7.0; Windows NT 6.3; WOW64; Trident/7.0; Touch; .NET4.0E; .NET4.0C; .NET CLR 3.5.30729; .NET CLR 2.0.50727; .NET CLR 3.0.30729; Tablet PC 2.0; InfoPath.3)"
78.153.140.151 - - [11/Jul/2025:05:43:37 +0000] "GET /var/www/.env HTTP/1.1" 404 153 "-" "Mozilla/5.0 (iPad; CPU OS 10_0 like Mac OS X) AppleWebKit/602.1.50 (KHTML, like Gecko) Version/10.0 Mobile/14A5335b Safari/602.1"
78.153.140.151 - - [11/Jul/2025:05:43:37 +0000] "GET /src/env/.env HTTP/1.1" 404 153 "-" "Mozilla/5.0 (Linux; U; Android 2.3.6; en-us; M865 Build/HuaweiM865) AppleWebKit/533.1 (KHTML, like Gecko) Version/4.0 Mobile Safari/533.1"
78.153.140.151 - - [11/Jul/2025:05:43:38 +0000] "GET /tmp/env.save HTTP/1.1" 404 153 "-" "Mozilla/5.0 (Macintosh; U; Intel Mac OS X 10_7; en-us) AppleWebKit/533.4 (KHTML, like Gecko) Version/4.1 Safari/533.4"
78.153.140.151 - - [11/Jul/2025:05:43:38 +0000] "GET /tmp/.env.uat HTTP/1.1" 404 153 "-" "Mozilla/5.0 (X11; U; Linux x86; en-US; rv:1.8.1.6) Gecko/20061201 Firefox/2.0.0.6 (Ubuntu-feisty)"
78.153.140.151 - - [11/Jul/2025:05:43:39 +0000] "GET /tmp/.env.tmp HTTP/1.1" 404 555 "-" "Mozilla/5.0 (X11; Linux i686) AppleWebKit/537.36 (KHTML, like Gecko) Chrome/56.0.2924.87 Safari/537.36 OPR/43.0.2442.1144"
78.153.140.151 - - [11/Jul/2025:05:43:39 +0000] "GET /tmp/.env.pem HTTP/1.1" 404 555 "-" "Mozilla/5.0 (Linux; Android 7.1.2; Redmi Note 5 Build/N2G47H) AppleWebKit/537.36 (KHTML, like Gecko) Chrome/64.0.3282.137 Mobile Safari/537.36"
78.153.140.151 - - [11/Jul/2025:05:43:39 +0000] "GET /tmp/.env.old HTTP/1.1" 404 153 "-" "Mozilla/5.0 (Linux; U; Android 2.3.6; en-au; GT-S6500T Build/GINGERBREAD) AppleWebKit/533.1 (KHTML, like Gecko) Version/4.0 Mobile Safari/533.1"
78.153.140.151 - - [11/Jul/2025:05:43:39 +0000] "GET /tmp/.env.log HTTP/1.1" 404 555 "-" "Mozilla/5.0 (Linux; Android 7.0; SM-J727T1 Build/NRD90M) AppleWebKit/537.36 (KHTML, like Gecko) Chrome/67.0.3396.87 Mobile Safari/537.36"
173.212.230.90 - - [11/Jul/2025:05:51:42 +0000] "GET /phpintegracion/example_phpbb.php?a={\x22usuario\x22:\x22gordoagil%20\x22,\x22password\x22:\x22rudelfo1965\x22} HTTP/1.1" 200 100 "-" "-"
173.212.230.90 - - [11/Jul/2025:05:52:32 +0000] "GET /phpintegracion/example_phpbb.php?a={\x22usuario\x22:\x22Donca.56\x22,\x22password\x22:\x22Cmz445500\x22} HTTP/1.1" 200 98 "-" "-"
185.218.84.46 - - [11/Jul/2025:05:52:50 +0000] "GET / HTTP/1.1" 200 4473 "-" "Mozilla/5.0 (Windows NT 10.0; Win64; x64) AppleWebKit/537.36 (KHTML, like Gecko) Chrome/90.0.4430.85 Safari/537.36 Edg/90.0.818.46"
173.212.230.90 - - [11/Jul/2025:05:55:18 +0000] "GET /phpintegracion/example_phpbb.php?a={\x22usuario\x22:\x22Forjugra\x22,\x22password\x22:\x2247pantocrator19\x22} HTTP/1.1" 200 98 "-" "-"
45.194.66.7 - - [11/Jul/2025:05:55:27 +0000] "GET / HTTP/1.1" 200 4473 "-" "Mozilla/5.0 (Windows NT 10.0; Win64; x64) AppleWebKit/537.36 (KHTML, like Gecko) Chrome/90.0.4430.85 Safari/537.36 Edg/90.0.818.46"
173.212.230.90 - - [11/Jul/2025:05:59:12 +0000] "GET /phpintegracion/example_phpbb.php?a={\x22usuario\x22:\x22titosky\x22,\x22password\x22:\x22cody1985\x22} HTTP/1.1" 200 97 "-" "-"
173.212.230.90 - - [11/Jul/2025:06:03:42 +0000] "GET /phpintegracion/example_phpbb.php?a={\x22usuario\x22:\x22Pirulinda\x22,\x22password\x22:\x22armagedon1\x22} HTTP/1.1" 200 99 "-" "-"
173.212.230.90 - - [11/Jul/2025:06:04:01 +0000] "GET /phpintegracion/example_phpbb.php?a={\x22usuario\x22:\x22avalic\x22,\x22password\x22:\x22murciamurcia\x22} HTTP/1.1" 200 96 "-" "-"
173.212.230.90 - - [11/Jul/2025:06:04:23 +0000] "GET /phpintegracion/example_phpbb.php?a={\x22usuario\x22:\x22LoveReading2023\x22,\x22password\x22:\x22doit4reading\x22} HTTP/1.1" 200 105 "-" "-"
173.212.230.90 - - [11/Jul/2025:06:06:17 +0000] "GET /phpintegracion/example_phpbb.php?a={\x22usuario\x22:\x22Eugenio1946\x22,\x22password\x22:\x22ARACENA\x22} HTTP/1.1" 200 101 "-" "-"
173.212.230.90 - - [11/Jul/2025:06:11:38 +0000] "GET /phpintegracion/example_phpbb.php?a={\x22usuario\x22:\x22Virma\x22,\x22password\x22:\x22arathor\x22} HTTP/1.1" 200 95 "-" "-"
173.212.230.90 - - [11/Jul/2025:06:12:54 +0000] "GET /phpintegracion/example_phpbb.php?a={\x22usuario\x22:\x22Alsar\x22,\x22password\x22:\x22alsar13\x22} HTTP/1.1" 200 95 "-" "-"
173.212.230.90 - - [11/Jul/2025:06:16:40 +0000] "GET /phpintegracion/example_phpbb.php?a={\x22usuario\x22:\x22c021016\x22,\x22password\x22:\x22correos\x22} HTTP/1.1" 200 97 "-" "-"
173.212.230.90 - - [11/Jul/2025:06:24:58 +0000] "GET /phpintegracion/example_phpbb.php?a={\x22usuario\x22:\x22Marguitahija\x22,\x22password\x22:\x22M15061963\x22} HTTP/1.1" 200 102 "-" "-"
173.212.230.90 - - [11/Jul/2025:06:32:09 +0000] "GET /phpintegracion/example_phpbb.php?a={\x22usuario\x22:\x22pedromoreno\x22,\x22password\x22:\x22papedro\x22} HTTP/1.1" 200 101 "-" "-"
176.65.148.10 - - [11/Jul/2025:06:40:21 +0000] "GET / HTTP/1.1" 200 12384 "-" "-"
173.212.230.90 - - [11/Jul/2025:06:41:42 +0000] "GET /phpintegracion/example_phpbb.php?a={\x22usuario\x22:\x22Ana_gr\x22,\x22password\x22:\x22UZGE24KZ\x22} HTTP/1.1" 200 96 "-" "-"
173.212.230.90 - - [11/Jul/2025:06:44:11 +0000] "GET /phpintegracion/example_phpbb.php?a={\x22usuario\x22:\x22URRACA\x22,\x22password\x22:\x22CILANTRO\x22} HTTP/1.1" 200 97 "-" "-"
173.212.230.90 - - [11/Jul/2025:06:47:10 +0000] "GET /phpintegracion/example_phpbb.php?a={\x22usuario\x22:\x22Alsar2\x22,\x22password\x22:\x22Alsar_13\x22} HTTP/1.1" 200 96 "-" "-"
173.212.230.90 - - [11/Jul/2025:06:47:44 +0000] "GET /phpintegracion/example_phpbb.php?a={\x22usuario\x22:\x22mgviejo\x22,\x22password\x22:\x22Makuki28\x22} HTTP/1.1" 200 97 "-" "-"
173.212.230.90 - - [11/Jul/2025:06:48:04 +0000] "GET /phpintegracion/example_phpbb.php?a={\x22usuario\x22:\x22javiervega11\x22,\x22password\x22:\x22legolas00\x22} HTTP/1.1" 200 103 "-" "-"
185.218.84.46 - - [11/Jul/2025:06:50:20 +0000] "GET / HTTP/1.1" 200 4473 "-" "Mozilla/5.0 (Windows NT 10.0; Win64; x64) AppleWebKit/537.36 (KHTML, like Gecko) Chrome/90.0.4430.85 Safari/537.36 Edg/90.0.818.46"
173.212.230.90 - - [11/Jul/2025:06:53:53 +0000] "GET /phpintegracion/example_phpbb.php?a={\x22usuario\x22:\x22danidelosfu\x22,\x22password\x22:\x22atletico\x22} HTTP/1.1" 200 101 "-" "-"
173.212.230.90 - - [11/Jul/2025:06:54:24 +0000] "GET /phpintegracion/example_phpbb.php?a={\x22usuario\x22:\x22cristinoperez\x22,\x22password\x22:\x22Irma1975\x22} HTTP/1.1" 200 103 "-" "-"
173.212.230.90 - - [11/Jul/2025:06:54:47 +0000] "GET /phpintegracion/example_phpbb.php?a={\x22usuario\x22:\x22olentzero\x22,\x22password\x22:\x22elminster\x22} HTTP/1.1" 200 99 "-" "-"
173.212.230.90 - - [11/Jul/2025:06:56:00 +0000] "GET /phpintegracion/example_phpbb.php?a={\x22usuario\x22:\x22fondeajefb2\x22,\x22password\x22:\x22Fondeajefb200\x22} HTTP/1.1" 200 101 "-" "-"
173.212.230.90 - - [11/Jul/2025:06:57:19 +0000] "GET /phpintegracion/example_phpbb.php?a={\x22usuario\x22:\x22Leo%20Cervantes\x22,\x22password\x22:\x22Lector.100\x22} HTTP/1.1" 200 103 "-" "-"
43.130.78.203 - - [11/Jul/2025:07:00:34 +0000] "GET / HTTP/1.1" 200 4473 "-" "Mozilla/5.0 (iPhone; CPU iPhone OS 13_2_3 like Mac OS X) AppleWebKit/605.1.15 (KHTML, like Gecko) Version/13.0.3 Mobile/15E148 Safari/604.1"
45.135.193.162 - - [11/Jul/2025:07:00:44 +0000] "GET / HTTP/1.1" 200 12384 "-" "-"
128.199.233.229 - - [11/Jul/2025:07:03:53 +0000] "GET /.env HTTP/1.1" 404 125 "-" "Mozilla/5.0; Keydrop.io/1.0(onlyscans.com/about);"
128.199.233.229 - - [11/Jul/2025:07:03:54 +0000] "GET /.git/config HTTP/1.1" 404 125 "-" "Mozilla/5.0; Keydrop.io/1.0(onlyscans.com/about);"
173.212.230.90 - - [11/Jul/2025:07:04:20 +0000] "GET /phpintegracion/example_phpbb.php?a={\x22usuario\x22:\x22mariaeme\x22,\x22password\x22:\x22itxaro\x22} HTTP/1.1" 200 98 "-" "-"
173.212.230.90 - - [11/Jul/2025:07:06:03 +0000] "GET /phpintegracion/example_phpbb.php?a={\x22usuario\x22:\x22Calvocid\x22,\x22password\x22:\x22ags2303AGS\x22} HTTP/1.1" 200 72 "-" "-"
173.212.230.90 - - [11/Jul/2025:07:06:36 +0000] "GET /phpintegracion/example_phpbb.php?a={\x22usuario\x22:\x22libroadicta\x22,\x22password\x22:\x22libroadicta44\x22} HTTP/1.1" 200 101 "-" "-"
173.212.230.90 - - [11/Jul/2025:07:06:45 +0000] "GET /phpintegracion/example_phpbb.php?a={\x22usuario\x22:\x22Calvocid\x22,\x22password\x22:\x22ags2303AGS\x22} HTTP/1.1" 200 72 "-" "-"
173.212.230.90 - - [11/Jul/2025:07:06:50 +0000] "GET /phpintegracion/example_phpbb.php?a={\x22usuario\x22:\x22libroadicta\x22,\x22password\x22:\x22libroadicta44\x22} HTTP/1.1" 200 101 "-" "-"
173.212.230.90 - - [11/Jul/2025:07:06:56 +0000] "GET /phpintegracion/example_phpbb.php?a={\x22usuario\x22:\x22Calvocid\x22,\x22password\x22:\x22maripepa\x22} HTTP/1.1" 200 98 "-" "-"
52.146.21.82 - - [11/Jul/2025:07:08:00 +0000] "GET /developmentserver/metadatauploader HTTP/1.1" 404 125 "-" "Mozilla/5.0 zgrab/0.x"
173.212.230.90 - - [11/Jul/2025:07:08:05 +0000] "GET /phpintegracion/example_phpbb.php?a={\x22usuario\x22:\x22Odettesil\x22,\x22password\x22:\x22Villaca\x5Cu00f1as1\x22} HTTP/1.1" 200 99 "-" "-"
173.212.230.90 - - [11/Jul/2025:07:10:00 +0000] "GET /phpintegracion/example_phpbb.php?a={\x22usuario\x22:\x22Jacervi\x22,\x22password\x22:\x2201nolase\x22} HTTP/1.1" 200 98 "-" "-"
147.185.132.162 - - [11/Jul/2025:07:10:29 +0000] "GET / HTTP/1.1" 200 4473 "-" "Expanse, a Palo Alto Networks company, searches across the global IPv4 space multiple times per day to identify customers' presences on the Internet. If you would like to be excluded from our scans, please send IP addresses/domains to: [email protected]"
173.212.230.90 - - [11/Jul/2025:07:10:31 +0000] "GET /phpintegracion/example_phpbb.php?a={\x22usuario\x22:\x22Eugenio1946%20\x22,\x22password\x22:\x22ARACENA\x22} HTTP/1.1" 200 102 "-" "-"
173.212.230.90 - - [11/Jul/2025:07:12:31 +0000] "GET /phpintegracion/example_phpbb.php?a={\x22usuario\x22:\x22cadeneta\x22,\x22password\x22:\x22candela007\x22} HTTP/1.1" 200 99 "-" "-"
173.212.230.90 - - [11/Jul/2025:07:13:36 +0000] "GET /phpintegracion/example_phpbb.php?a={\x22usuario\x22:\x22carluch\x22,\x22password\x22:\x224898027\x22} HTTP/1.1" 200 97 "-" "-"
173.212.230.90 - - [11/Jul/2025:07:14:55 +0000] "GET /phpintegracion/example_phpbb.php?a={\x22usuario\x22:\x22naranjit\x22,\x22password\x22:\x2212en1955\x22} HTTP/1.1" 200 98 "-" "-"
173.212.230.90 - - [11/Jul/2025:07:16:48 +0000] "GET /phpintegracion/example_phpbb.php?a={\x22usuario\x22:\x22guinsa1958\x22,\x22password\x22:\x22gomez_ant\x22} HTTP/1.1" 200 100 "-" "-"
173.212.230.90 - - [11/Jul/2025:07:20:54 +0000] "GET /phpintegracion/example_phpbb.php?a={\x22usuario\x22:\x22adomay\x22,\x22password\x22:\x2233005775\x22} HTTP/1.1" 200 96 "-" "-"
173.212.230.90 - - [11/Jul/2025:07:24:38 +0000] "GET /phpintegracion/example_phpbb.php?a={\x22usuario\x22:\x221234567\x22,\x22password\x22:\x221234567\x22} HTTP/1.1" 200 97 "-" "-"
173.212.230.90 - - [11/Jul/2025:07:25:20 +0000] "GET /phpintegracion/example_phpbb.php?a={\x22usuario\x22:\x22cadeneta\x22,\x22password\x22:\x22candela007\x22} HTTP/1.1" 200 99 "-" "-"
173.212.230.90 - - [11/Jul/2025:07:30:52 +0000] "GET /phpintegracion/example_phpbb.php?a={\x22usuario\x22:\x22F\x5Cu00e9lixNB\x22,\x22password\x22:\x22i51d79i86\x22} HTTP/1.1" 200 102 "-" "-"
173.212.230.90 - - [11/Jul/2025:07:31:29 +0000] "GET /phpintegracion/example_phpbb.php?a={\x22usuario\x22:\x22IGUANATANGO\x22,\x22password\x22:\x22POLTRONA\x22} HTTP/1.1" 200 101 "-" "-"
173.212.230.90 - - [11/Jul/2025:07:31:43 +0000] "GET /phpintegracion/example_phpbb.php?a={\x22usuario\x22:\x22Eugenio1946%20\x22,\x22password\x22:\x22ARACENA\x22} HTTP/1.1" 200 102 "-" "-"
173.212.230.90 - - [11/Jul/2025:07:31:49 +0000] "GET /phpintegracion/example_phpbb.php?a={\x22usuario\x22:\x22Eugenio1946%20\x22,\x22password\x22:\x22ARACENA\x22} HTTP/1.1" 200 102 "-" "-"
173.212.230.90 - - [11/Jul/2025:07:33:36 +0000] "GET /phpintegracion/example_phpbb.php?a={\x22usuario\x22:\x22Arturo%20poyatos\x22,\x22password\x22:\x22pabellon8\x22} HTTP/1.1" 200 104 "-" "-"
173.212.230.90 - - [11/Jul/2025:07:34:37 +0000] "GET /phpintegracion/example_phpbb.php?a={\x22usuario\x22:\x22Kazan\x22,\x22password\x22:\x22kazan2006\x22} HTTP/1.1" 200 95 "-" "-"
173.212.230.90 - - [11/Jul/2025:07:36:48 +0000] "GET /phpintegracion/example_phpbb.php?a={\x22usuario\x22:\x22arcisle\x22,\x22password\x22:\x22qualia01\x22} HTTP/1.1" 200 97 "-" "-"
173.212.230.90 - - [11/Jul/2025:07:41:19 +0000] "GET /phpintegracion/example_phpbb.php?a={\x22usuario\x22:\x22ananshie\x22,\x22password\x22:\x22280868\x22} HTTP/1.1" 200 99 "-" "-"
173.212.230.90 - - [11/Jul/2025:07:42:17 +0000] "GET /phpintegracion/example_phpbb.php?a={\x22usuario\x22:\x22karpachus\x22,\x22password\x22:\x2265mariaje\x22} HTTP/1.1" 200 99 "-" "-"
173.212.230.90 - - [11/Jul/2025:07:43:01 +0000] "GET /phpintegracion/example_phpbb.php?a={\x22usuario\x22:\x22kitty76\x22,\x22password\x22:\x22amparo\x22} HTTP/1.1" 200 97 "-" "-"
173.212.230.90 - - [11/Jul/2025:07:43:13 +0000] "GET /phpintegracion/example_phpbb.php?a={\x22usuario\x22:\x22Otptrtrr\x22,\x22password\x22:\x22iujieua\x22} HTTP/1.1" 200 99 "-" "-"
173.212.230.90 - - [11/Jul/2025:07:43:20 +0000] "GET /phpintegracion/example_phpbb.php?a={\x22usuario\x22:\x22josito215\x22,\x22password\x22:\x22j28047_j\x22} HTTP/1.1" 200 99 "-" "-"
173.212.230.90 - - [11/Jul/2025:07:43:25 +0000] "GET /phpintegracion/example_phpbb.php?a={\x22usuario\x22:\x22biblos64\x22,\x22password\x22:\x22quevedo64\x22} HTTP/1.1" 200 98 "-" "-"
173.212.230.90 - - [11/Jul/2025:07:44:00 +0000] "GET /phpintegracion/example_phpbb.php?a={\x22usuario\x22:\x22Palochi\x22,\x22password\x22:\x22Palito02\x22} HTTP/1.1" 200 97 "-" "-"
173.212.230.90 - - [11/Jul/2025:07:45:59 +0000] "GET /phpintegracion/example_phpbb.php?a={\x22usuario\x22:\x22ccm35h\x22,\x22password\x22:\x22mateo5513\x22} HTTP/1.1" 200 96 "-" "-"
173.212.230.90 - - [11/Jul/2025:07:48:28 +0000] "GET /phpintegracion/example_phpbb.php?a={\x22usuario\x22:\x22elpredi\x22,\x22password\x22:\x22elpredi000\x22} HTTP/1.1" 200 97 "-" "-"
173.212.230.90 - - [11/Jul/2025:07:48:50 +0000] "GET /phpintegracion/example_phpbb.php?a={\x22usuario\x22:\x22mmz1\x22,\x22password\x22:\x22mirentxu\x22} HTTP/1.1" 200 94 "-" "-"
173.212.230.90 - - [11/Jul/2025:07:49:16 +0000] "GET /phpintegracion/example_phpbb.php?a={\x22usuario\x22:\x22piratauni\x22,\x22password\x22:\x22albacete1234\x22} HTTP/1.1" 200 99 "-" "-"
173.212.230.90 - - [11/Jul/2025:07:52:00 +0000] "GET /phpintegracion/example_phpbb.php?a={\x22usuario\x22:\x22CaleroPuebla\x22,\x22password\x22:\x221951\x22} HTTP/1.1" 200 72 "-" "-"
173.212.230.90 - - [11/Jul/2025:07:53:27 +0000] "GET /phpintegracion/example_phpbb.php?a={\x22usuario\x22:\x22CaleroPuebla\x22,\x22password\x22:\x22octubre1951\x22} HTTP/1.1" 200 102 "-" "-"
173.212.230.90 - - [11/Jul/2025:07:54:37 +0000] "GET /phpintegracion/example_phpbb.php?a={\x22usuario\x22:\x22CaleroPuebla\x22,\x22password\x22:\x22octubre1951\x22} HTTP/1.1" 200 102 "-" "-"
173.212.230.90 - - [11/Jul/2025:07:56:31 +0000] "GET /phpintegracion/example_phpbb.php?a={\x22usuario\x22:\x22Joaquin%20Gonzalez120\x22,\x22password\x22:\x22Inma2222\x22} HTTP/1.1" 200 109 "-" "-"
173.212.230.90 - - [11/Jul/2025:07:58:51 +0000] "GET /phpintegracion/example_phpbb.php?a={\x22usuario\x22:\x22margabe\x22,\x22password\x22:\x22margabecedas\x22} HTTP/1.1" 200 97 "-" "-"
173.212.230.90 - - [11/Jul/2025:08:01:45 +0000] "GET /phpintegracion/example_phpbb.php?a={\x22usuario\x22:\x22DIEGOESTHERRAFA\x22,\x22password\x22:\x224CPRS5ON\x22} HTTP/1.1" 200 105 "-" "-"
173.212.230.90 - - [11/Jul/2025:08:01:46 +0000] "GET /phpintegracion/example_phpbb.php?a={\x22usuario\x22:\x22pardela\x22,\x22password\x22:\x22aguilucho\x22} HTTP/1.1" 200 97 "-" "-"
173.212.230.90 - - [11/Jul/2025:08:02:12 +0000] "GET /phpintegracion/example_phpbb.php?a={\x22usuario\x22:\x22lecturados\x22,\x22password\x22:\x22buenosdias\x22} HTTP/1.1" 200 100 "-" "-"
104.234.115.84 - - [11/Jul/2025:08:04:45 +0000] "GET / HTTP/1.1" 200 4473 "-" "'Mozilla/5.0 (compatible; GenomeCrawlerd/1.0; +https://www.nokia.com/genomecrawler)'"
173.212.230.90 - - [11/Jul/2025:08:05:09 +0000] "GET /phpintegracion/example_phpbb.php?a={\x22usuario\x22:\x22lakelee\x22,\x22password\x22:\x22chica1234\x22} HTTP/1.1" 200 97 "-" "-"
173.212.230.90 - - [11/Jul/2025:08:05:10 +0000] "GET /phpintegracion/example_phpbb.php?a={\x22usuario\x22:\x22lakelee\x22,\x22password\x22:\x22chica1234\x22} HTTP/1.1" 200 97 "-" "-"
104.234.115.84 - - [11/Jul/2025:08:08:37 +0000] "GET /favicon.ico HTTP/1.1" 404 125 "-" "'Mozilla/5.0 (compatible; GenomeCrawlerd/1.0; +https://www.nokia.com/genomecrawler)'"
173.212.230.90 - - [11/Jul/2025:08:11:42 +0000] "GET /phpintegracion/example_phpbb.php?a={\x22usuario\x22:\x22urbanxxx\x22,\x22password\x22:\x22mathilda888\x22} HTTP/1.1" 200 98 "-" "-"
185.218.84.46 - - [11/Jul/2025:08:11:47 +0000] "GET / HTTP/1.1" 200 4473 "-" "Mozilla/5.0 (Windows NT 10.0; Win64; x64) AppleWebKit/537.36 (KHTML, like Gecko) Chrome/90.0.4430.85 Safari/537.36 Edg/90.0.818.46"
173.212.230.90 - - [11/Jul/2025:08:15:33 +0000] "GET /phpintegracion/example_phpbb.php?a={\x22usuario\x22:\x22lenda\x22,\x22password\x22:\x22purrusalda\x22} HTTP/1.1" 200 95 "-" "-"
173.212.230.90 - - [11/Jul/2025:08:15:36 +0000] "GET /phpintegracion/example_phpbb.php?a={\x22usuario\x22:\x22virginiaalonso\x22,\x22password\x22:\x22leire006\x22} HTTP/1.1" 200 104 "-" "-"
173.212.230.90 - - [11/Jul/2025:08:17:20 +0000] "GET /phpintegracion/example_phpbb.php?a={\x22usuario\x22:\x22Avenda\x5Cu00f1o\x22,\x22password\x22:\x22010660\x22} HTTP/1.1" 200 103 "-" "-"
173.212.230.90 - - [11/Jul/2025:08:17:26 +0000] "GET /phpintegracion/example_phpbb.php?a={\x22usuario\x22:\x22albertoHJK\x22,\x22password\x22:\x22tarriba\x22} HTTP/1.1" 200 100 "-" "-"
173.212.230.90 - - [11/Jul/2025:08:20:21 +0000] "GET /phpintegracion/example_phpbb.php?a={\x22usuario\x22:\x22sirtimoteo\x22,\x22password\x22:\x22lobomalo\x22} HTTP/1.1" 200 100 "-" "-"
173.212.230.90 - - [11/Jul/2025:08:21:53 +0000] "GET /phpintegracion/example_phpbb.php?a={\x22usuario\x22:\x22Lebam\x22,\x22password\x22:\x22Claritabonita\x22} HTTP/1.1" 200 95 "-" "-"
173.212.230.90 - - [11/Jul/2025:08:21:56 +0000] "GET /phpintegracion/example_phpbb.php?a={\x22usuario\x22:\x22AISSAI\x22,\x22password\x22:\x22imperio\x22} HTTP/1.1" 200 96 "-" "-"
173.212.230.90 - - [11/Jul/2025:08:22:09 +0000] "GET /phpintegracion/example_phpbb.php?a={\x22usuario\x22:\x22Triciclo\x22,\x22password\x22:\x222211\x22} HTTP/1.1" 200 72 "-" "-"
173.212.230.90 - - [11/Jul/2025:08:22:09 +0000] "GET /phpintegracion/example_phpbb.php?a={\x22usuario\x22:\x22aissai\x22,\x22password\x22:\x22imperio\x22} HTTP/1.1" 200 96 "-" "-"
173.212.230.90 - - [11/Jul/2025:08:22:37 +0000] "GET /phpintegracion/example_phpbb.php?a={\x22usuario\x22:\x22Triciclo\x22,\x22password\x22:\x222211qqqq\x22} HTTP/1.1" 200 98 "-" "-"
173.212.230.90 - - [11/Jul/2025:08:23:11 +0000] "GET /phpintegracion/example_phpbb.php?a={\x22usuario\x22:\x22joselu65\x22,\x22password\x22:\x22cachemir65\x22} HTTP/1.1" 200 98 "-" "-"
173.212.230.90 - - [11/Jul/2025:08:23:55 +0000] "GET /phpintegracion/example_phpbb.php?a={\x22usuario\x22:\x22jperlopez\x22,\x22password\x22:\x22lunita\x22} HTTP/1.1" 200 99 "-" "-"
173.212.230.90 - - [11/Jul/2025:08:24:19 +0000] "GET /phpintegracion/example_phpbb.php?a={\x22usuario\x22:\x22mariate66\x22,\x22password\x22:\x22pineda1966\x22} HTTP/1.1" 200 99 "-" "-"
173.212.230.90 - - [11/Jul/2025:08:28:39 +0000] "GET /phpintegracion/example_phpbb.php?a={\x22usuario\x22:\x22BuckLand\x22,\x22password\x22:\x22buck06\x22} HTTP/1.1" 200 99 "-" "-"
173.212.230.90 - - [11/Jul/2025:08:30:16 +0000] "GET /phpintegracion/example_phpbb.php?a={\x22usuario\x22:\x22El%20maestro%20ciruela\x22,\x22password\x22:\x22900090009000\x22} HTTP/1.1" 200 108 "-" "-"
173.212.230.90 - - [11/Jul/2025:08:31:45 +0000] "GET /phpintegracion/example_phpbb.php?a={\x22usuario\x22:\x22vitarita\x22,\x22password\x22:\x22elvisuli\x22} HTTP/1.1" 200 98 "-" "-"
173.212.230.90 - - [11/Jul/2025:08:34:51 +0000] "GET /phpintegracion/example_phpbb.php?a={\x22usuario\x22:\x22a0000000\x22,\x22password\x22:\x2250505050\x22} HTTP/1.1" 200 98 "-" "-"
173.212.230.90 - - [11/Jul/2025:08:34:56 +0000] "GET /phpintegracion/example_phpbb.php?a={\x22usuario\x22:\x22Mequi\x22,\x22password\x22:\x22orense\x22} HTTP/1.1" 200 95 "-" "-"
173.212.230.90 - - [11/Jul/2025:08:38:24 +0000] "GET /phpintegracion/example_phpbb.php?a={\x22usuario\x22:\x221963lmm\x22,\x22password\x22:\x2250505050\x22} HTTP/1.1" 200 97 "-" "-"
173.212.230.90 - - [11/Jul/2025:08:47:52 +0000] "GET /phpintegracion/example_phpbb.php?a={\x22usuario\x22:\x22Longguema\x22,\x22password\x22:\x22m971m971\x22} HTTP/1.1" 200 72 "-" "-"
173.212.230.90 - - [11/Jul/2025:08:48:37 +0000] "GET /phpintegracion/example_phpbb.php?a={\x22usuario\x22:\x22Longuema\x22,\x22password\x22:\x22m971m971\x22} HTTP/1.1" 200 98 "-" "-"
173.212.230.90 - - [11/Jul/2025:08:53:09 +0000] "GET /phpintegracion/example_phpbb.php?a={\x22usuario\x22:\x22Bleontes\x22,\x22password\x22:\x22Hacecalor\x22} HTTP/1.1" 200 98 "-" "-"
173.212.230.90 - - [11/Jul/2025:08:56:13 +0000] "GET /phpintegracion/example_phpbb.php?a={\x22usuario\x22:\x22faico1965\x22,\x22password\x22:\x222F42FWAA\x22} HTTP/1.1" 200 99 "-" "-"
185.218.84.46 - - [11/Jul/2025:08:56:26 +0000] "GET / HTTP/1.1" 200 4473 "-" "Mozilla/5.0 (Windows NT 10.0; Win64; x64) AppleWebKit/537.36 (KHTML, like Gecko) Chrome/90.0.4430.85 Safari/537.36 Edg/90.0.818.46"
173.212.230.90 - - [11/Jul/2025:09:02:30 +0000] "GET /phpintegracion/example_phpbb.php?a={\x22usuario\x22:\x22triburcia\x22,\x22password\x22:\x22Cobeja49\x22} HTTP/1.1" 200 99 "-" "-"
173.212.230.90 - - [11/Jul/2025:09:03:14 +0000] "GET /phpintegracion/example_phpbb.php?a={\x22usuario\x22:\x22tinika\x22,\x22password\x22:\x22Chispita28\x22} HTTP/1.1" 200 96 "-" "-"
173.212.230.90 - - [11/Jul/2025:09:05:58 +0000] "GET /phpintegracion/example_phpbb.php?a={\x22usuario\x22:\x22jasidi\x22,\x22password\x22:\x22signes\x22} HTTP/1.1" 200 96 "-" "-"
173.212.230.90 - - [11/Jul/2025:09:06:46 +0000] "GET /phpintegracion/example_phpbb.php?a={\x22usuario\x22:\x22amona\x22,\x22password\x22:\x22gast60$$\x22} HTTP/1.1" 200 95 "-" "-"
173.212.230.90 - - [11/Jul/2025:09:09:50 +0000] "GET /phpintegracion/example_phpbb.php?a={\x22usuario\x22:\x22torvi\x22,\x22password\x22:\x22atenea\x22} HTTP/1.1" 200 95 "-" "-"
173.212.230.90 - - [11/Jul/2025:09:12:35 +0000] "GET /phpintegracion/example_phpbb.php?a={\x22usuario\x22:\x22Don%20Manuel\x22,\x22password\x22:\x22poramadis\x22} HTTP/1.1" 200 100 "-" "-"
139.162.215.136 - - [11/Jul/2025:09:14:12 +0000] "GET / HTTP/1.1" 200 4473 "-" "Mozilla/5.0 (Windows NT 6.1; WOW64; rv:8.0) Gecko/20100101 Firefox/8.0"
173.212.230.90 - - [11/Jul/2025:09:17:47 +0000] "GET /phpintegracion/example_phpbb.php?a={\x22usuario\x22:\x22santifaz\x22,\x22password\x22:\x22zzzzxxxx\x22} HTTP/1.1" 200 98 "-" "-"
173.212.230.90 - - [11/Jul/2025:09:20:47 +0000] "GET /phpintegracion/example_phpbb.php?a={\x22usuario\x22:\x22bugmenot\x22,\x22password\x22:\x22bugmenot\x22} HTTP/1.1" 200 98 "-" "-"
173.212.230.90 - - [11/Jul/2025:09:24:23 +0000] "GET /phpintegracion/example_phpbb.php?a={\x22usuario\x22:\x22quiria\x22,\x22password\x22:\x220037pagusinudi0037\x22} HTTP/1.1" 200 96 "-" "-"
173.212.230.90 - - [11/Jul/2025:09:25:05 +0000] "GET /phpintegracion/example_phpbb.php?a={\x22usuario\x22:\x22Sabi\x5Cu00f1an\x22,\x22password\x22:\x22mariafe02\x22} HTTP/1.1" 200 102 "-" "-"
35.233.7.110 - - [11/Jul/2025:09:27:55 +0000] "GET / HTTP/1.1" 200 4473 "-" "Mozilla/5.0 (Macintosh; Intel Mac OS X 10_15_7) AppleWebKit/605.1.15 (KHTML, like Gecko) Version/17.5 Safari/605.5.27"
173.212.230.90 - - [11/Jul/2025:09:28:17 +0000] "GET /phpintegracion/example_phpbb.php?a={\x22usuario\x22:\x22libroverde\x22,\x22password\x22:\x22milibro\x22} HTTP/1.1" 200 100 "-" "-"
173.212.230.90 - - [11/Jul/2025:09:31:29 +0000] "GET /phpintegracion/example_phpbb.php?a={\x22usuario\x22:\x22Nieves%20Barranco\x22,\x22password\x22:\x2247025862\x22} HTTP/1.1" 200 105 "-" "-"
173.212.230.90 - - [11/Jul/2025:09:32:37 +0000] "GET /phpintegracion/example_phpbb.php?a={\x22usuario\x22:\x22Vjuarez\x22,\x22password\x22:\x22Donos4209\x22} HTTP/1.1" 200 97 "-" "-"
173.212.230.90 - - [11/Jul/2025:09:34:23 +0000] "GET /phpintegracion/example_phpbb.php?a={\x22usuario\x22:\x22lolizunigadiaz\x22,\x22password\x22:\x22avelino\x22} HTTP/1.1" 200 104 "-" "-"
209.38.42.2 - - [11/Jul/2025:09:34:27 +0000] "GET / HTTP/1.1" 200 4473 "-" "Mozilla/5.0 (Windows NT 10.0; Win64; x64) AppleWebKit/537.36 (KHTML, like Gecko) Chrome/108.0.0.0 Safari/537.36"
209.38.42.2 - - [11/Jul/2025:09:34:27 +0000] "GET /form.html HTTP/1.1" 404 125 "-" "curl/8.1.2"
209.38.42.2 - - [11/Jul/2025:09:34:27 +0000] "GET /upl.php HTTP/1.1" 404 125 "-" "Mozilla/5.0"
209.38.42.2 - - [11/Jul/2025:09:34:27 +0000] "GET /t4 HTTP/1.1" 404 125 "-" "Mozilla/5.0"
209.38.42.2 - - [11/Jul/2025:09:34:27 +0000] "GET /geoip/ HTTP/1.1" 404 187 "-" "Mozilla/5.0 (Windows NT 10.0; Win64; x64) AppleWebKit/537.36 (KHTML, like Gecko) Chrome/108.0.0.0 Safari/537.36"
209.38.42.2 - - [11/Jul/2025:09:34:27 +0000] "GET /favicon.ico HTTP/1.1" 404 187 "-" "Mozilla/5.0 (Windows NT 10.0; Win64; x64) AppleWebKit/537.36 (KHTML, like Gecko) Chrome/108.0.0.0 Safari/537.36"
209.38.42.2 - - [11/Jul/2025:09:34:27 +0000] "GET /1.php HTTP/1.1" 404 187 "-" "Mozilla/5.0 (Windows NT 10.0; Win64; x64) AppleWebKit/537.36 (KHTML, like Gecko) Chrome/108.0.0.0 Safari/537.36"
209.38.42.2 - - [11/Jul/2025:09:34:27 +0000] "GET /systembc/password.php HTTP/1.1" 404 187 "-" "Mozilla/5.0 (Windows NT 10.0; Win64; x64) AppleWebKit/537.36 (KHTML, like Gecko) Chrome/108.0.0.0 Safari/537.36"
209.38.42.2 - - [11/Jul/2025:09:34:27 +0000] "GET /password.php HTTP/1.1" 404 187 "-" "Mozilla/5.0 (Windows NT 10.0; Win64; x64) AppleWebKit/537.36 (KHTML, like Gecko) Chrome/108.0.0.0 Safari/537.36"
173.212.230.90 - - [11/Jul/2025:09:35:05 +0000] "GET /phpintegracion/example_phpbb.php?a={\x22usuario\x22:\x22Jesus%20Roberto\x22,\x22password\x22:\x22120954\x22} HTTP/1.1" 200 103 "-" "-"
173.212.230.90 - - [11/Jul/2025:09:35:46 +0000] "GET /phpintegracion/example_phpbb.php?a={\x22usuario\x22:\x22cristinacarilla\x22,\x22password\x22:\x22pirineos\x22} HTTP/1.1" 200 105 "-" "-"
173.212.230.90 - - [11/Jul/2025:09:37:53 +0000] "GET /phpintegracion/example_phpbb.php?a={\x22usuario\x22:\x22Rosita76\x22,\x22password\x22:\x2209231020\x22} HTTP/1.1" 200 98 "-" "-"
173.212.230.90 - - [11/Jul/2025:09:40:20 +0000] "GET /phpintegracion/example_phpbb.php?a={\x22usuario\x22:\x22aurorin13\x22,\x22password\x22:\x22ABPOPA\x22} HTTP/1.1" 200 99 "-" "-"
34.228.40.252 - - [11/Jul/2025:09:40:37 +0000] "GET / HTTP/1.1" 200 4473 "-" "Mozilla/5.0 (Windows NT 10.0; Win64; x64) AppleWebKit/537.36 (KHTML, like Gecko) Chrome/136.0.0.0 Safari/537.36"
173.212.230.90 - - [11/Jul/2025:09:42:22 +0000] "GET /phpintegracion/example_phpbb.php?a={\x22usuario\x22:\x22Gurriato60\x22,\x22password\x22:\x22valverde12\x22} HTTP/1.1" 200 101 "-" "-"
173.212.230.90 - - [11/Jul/2025:09:42:30 +0000] "GET /phpintegracion/example_phpbb.php?a={\x22usuario\x22:\x22adelagisgar\x22,\x22password\x22:\x22VAL140552\x22} HTTP/1.1" 200 101 "-" "-"
173.212.230.90 - - [11/Jul/2025:09:42:33 +0000] "GET /phpintegracion/example_phpbb.php?a={\x22usuario\x22:\x22Nieves%20Barranco\x22,\x22password\x22:\x2247025862\x22} HTTP/1.1" 200 105 "-" "-"
173.212.230.90 - - [11/Jul/2025:09:43:55 +0000] "GET /phpintegracion/example_phpbb.php?a={\x22usuario\x22:\x22ECL33\x22,\x22password\x22:\x22EC20081963\x22} HTTP/1.1" 200 95 "-" "-"
173.212.230.90 - - [11/Jul/2025:09:46:01 +0000] "GET /phpintegracion/example_phpbb.php?a={\x22usuario\x22:\x22pija_progre\x22,\x22password\x22:\x22analopez\x22} HTTP/1.1" 200 101 "-" "-"
173.212.230.90 - - [11/Jul/2025:09:46:06 +0000] "GET /phpintegracion/example_phpbb.php?a={\x22usuario\x22:\x22jjj.3210\x22,\x22password\x22:\x22abc1234\x22} HTTP/1.1" 200 98 "-" "-"
173.212.230.90 - - [11/Jul/2025:09:46:22 +0000] "GET /phpintegracion/example_phpbb.php?a={\x22usuario\x22:\x22ALIBUC64\x22,\x22password\x22:\x22micasa\x22} HTTP/1.1" 200 98 "-" "-"
173.212.230.90 - - [11/Jul/2025:09:47:59 +0000] "GET /phpintegracion/example_phpbb.php?a={\x22usuario\x22:\x22rafafvg\x22,\x22password\x22:\x22rafapapy5\x22} HTTP/1.1" 200 97 "-" "-"
173.212.230.90 - - [11/Jul/2025:09:48:08 +0000] "GET /phpintegracion/example_phpbb.php?a={\x22usuario\x22:\x22anele.casla\x22,\x22password\x22:\x22Ficticia66\x22} HTTP/1.1" 200 101 "-" "-"
185.205.244.227 - - [11/Jul/2025:09:49:52 +0000] "GET / HTTP/1.1" 200 12384 "-" "-"
173.212.230.90 - - [11/Jul/2025:09:52:04 +0000] "GET /phpintegracion/example_phpbb.php?a={\x22usuario\x22:\x22diamond\x22,\x22password\x22:\x22aulaga\x22} HTTP/1.1" 200 97 "-" "-"
173.212.230.90 - - [11/Jul/2025:09:55:59 +0000] "GET /phpintegracion/example_phpbb.php?a={\x22usuario\x22:\x22Touran\x22,\x22password\x22:\x22touran\x22} HTTP/1.1" 200 96 "-" "-"
